hat is the remainder when 99 is divided by d?
31
Calculate the remainder when 47 is divided by 3 + 4 - (-7 + 6).
7
Let j = 74 + -44. Suppose 3*w - 28 = -4*l, -42 = w - 3*w + 2*l. Calculate the remainder when j is divided by w.
14
Let y(r) = r**2 + 3*r - 5. Let g be y(-5). Suppose -g*q = -2*i - 105, -4*q = -5*i - 0*i - 101. Calculate the remainder when q is divided by 7.
5
Let l = -1 + 7. What is the remainder when 27 is divided by l?
3
Suppose w + 4 = -3*q - w, -w - 11 = -3*q. Suppose -v + o - 4*o = -36, -2*v = q*o - 52. Let x(s) = 13*s - 4. Calculate the remainder when x(5) is divided by v.
19
Let b(u) = u**2 - 8*u - 7. Let s be b(9). Suppose 2*w = -4*q + 46, -s*q - 3*q + w = -40. What is the remainder when (1 + 0)/(3/q) is divided by 2?
1
Let x = -26 + 17. Let b = x - -38. Calculate the remainder when b is divided by 15.
14
Let g = 21 - -7. Calculate the remainder when g is divided by 10.
8
Calculate the remainder when 118/((-2)/6*-6) is divided by 10.
9
Suppose 3*n + 3*m - 82 - 20 = 0, -2*m + 98 = 3*n. Let j = -27 - -43. What is the remainder when n is divided by j?
14
Let z(b) = -b**2 - 5*b + 2. Let w be z(-5). Suppose -2*p + p = -w. Suppose 0 = 4*j - x - 0*x + 1, -2*x = -4*j - 6. What is the remainder when p is divided by j?
0
Suppose 0 = -2*c - 0 + 12. What is the remainder when c is divided by 2?
0
Let h = 27 - 16. Suppose -12 = -3*x - 0. Let w = x - 0. What is the remainder when h is divided by w?
3
Let h(t) = -t**2 + 3*t - 2. Let o be h(-4). Let a = o - -56. Calculate the remainder when a is divided by 14.
12
Suppose -3*f = -47 - 40. Let c = -29 + 45. What is the remainder when f is divided by c?
13
Let r = 11 - 4. Calculate the remainder when 17 is divided by r.
3
Let u be ((-2)/(-6))/(2/18). Suppose -u*m = -6*m + 3. What is the remainder when m + 55 + (0 - 1) is divided by 19?
17
Let b(r) = -r**2 - 10*r - 8. Let x(n) = -1 - 3*n**2 + 4*n**2 + 2 + 5*n. What is the remainder when x(-5) is divided by b(-9)?
0
Let t = 43 - 33. Calculate the remainder when 68 is divided by t.
8
Let b(d) = 0 - 14*d + 0 + 4*d. What is the remainder when b(-1) is divided by 6?
4
Suppose u = 5*m + 6*u - 235, -180 = -4*m - 2*u. Calculate the remainder when m is divided by 15.
13
Let r(x) = -4*x - 30. Calculate the remainder when r(-11) is divided by 5.
4
Suppose -6*z + l + 43 = -2*z, -5*l - 5 = z. Calculate the remainder when (-79)/(-2) - (-1)/(-2) is divided by z.
9
Suppose -5 = -u + 3*y + y, -2*u - 5*y = -36. Let t = -2 + 2. Suppose 0*m = 2*m - 2*p - 72, 4*m + 5*p - 153 = t. What is the remainder when m is divided by u?
11
Suppose 51 = h + 2*h. What is the remainder when 61 is divided by h?
10
Suppose j - 2*j = -12. Let y = 49 - j. What is the remainder when y is divided by 8?
5
Suppose 2*s - 655 = -3*s. Calculate the remainder when s is divided by (11/(-4))/(4/(-48)).
32
Let k(r) = -r**3 + 9*r**2 - 7*r - 1. Suppose 0*b = 5*b - 15. Calculate the remainder when k(8) is divided by b.
1
Suppose -19 + 84 = 5*s + 3*r, 65 = 5*s + 2*r. Calculate the remainder when 24 is divided by s.
11
Suppose 5*w - 27 = 2*w. Suppose -4*u = -w*u + 45. What is the remainder when u is divided by 4?
1
Suppose 3*x = 7*x. Suppose 0 = l + l - 6. Let q = l + x. Calculate the remainder when 4 is divided by q.
1
Let s(r) = r**2 - r - 7. Calculate the remainder when 142 is divided by s(5).
12
Let l = 172 + -39. Calculate the remainder when l is divided by 34.
31
Let l(o) = o**3 + o**2 + o. Let h(w) = -5*w**3 + 6*w**2 - 7*w - 7. Let g(a) = h(a) + 4*l(a). Calculate the remainder when g(9) is divided by 24.
23
Let k = -8 - -32. Calculate the remainder when 45 is divided by k.
21
Suppose 5*q + 2*o - 35 = 0, -2*q - 5*o + 35 = -0*o. Suppose -q*f = -63 + 18. Let a = 154 + -138. Calculate the remainder when a is divided by f.
7
Calculate the remainder when (47/10 - 4/20)*24 is divided by 37.
34
Let l(a) = 2*a**2 - 11*a - 3. Calculate the remainder when 145 is divided by l(8).
34
Let x(i) = i**2 - 4*i - 20. What is the remainder when x(14) is divided by 61?
59
Suppose -7*u + 3*u - 3*v + 14 = 0, 5*u + 2*v = 21. Let o(s) = s**2 - 4*s + 4. Calculate the remainder when o(5) is divided by u.
4
Let f be (-4)/(-14) - 26/(-7). Let a(u) = 2*u**2 - 2*u + 6. Calculate the remainder when a(-4) is divided by (2 + 2)/(1/f).
14
Suppose 0 = -3*x + 11 + 31. What is the remainder when 26 is divided by x?
12
Let a = 19 - 8. Let r(d) = d**2 - 7*d. Let f be r(7). Suppose f*k + 30 = 5*k. Calculate the remainder when a is divided by k.
5
Suppose 0 = -11*v + 8*v + 42. What is the remainder when 110 is divided by v?
12
Suppose 2*z + z - 66 = 0. Let a = z + 0. Calculate the remainder when 87 is divided by a.
21
Let s(j) = j**3 - 5*j**2 + 6*j. What is the remainder when s(4) is divided by 5?
3
Let u(m) = 7*m**2 + m + 1. Let j(r) = -r**2 + 3*r + 20. Let o be j(6). Suppose 26 = 4*w - o*w. What is the remainder when w is divided by u(-1)?
6
Let f = -318 + 326. Calculate the remainder when 2*1*15/2 is divided by f.
7
Let h(k) = -k**3 + 8*k**2 - 8*k. Let u be h(7). Let f = -3 - u. What is the remainder when 6 is divided by f?
2
Let n(z) = -z**3 + 12*z**2 + 13*z + 9. Let g = 18 - -7. What is the remainder when g is divided by n(13)?
7
Suppose 0 = -3*q + 120 - 84. Calculate the remainder when q is divided by 2.
0
Let g(j) = -14*j + 1. Let n be g(-3). Let i = n + -16. Calculate the remainder when i - ((-3 - -4) + 0) is divided by 9.
8
Suppose 1 = 4*y - 4*d - 63, 5*y + 3*d = 40. What is the remainder when y is divided by 6?
5
Suppose 0 = -2*d + d + 2. Suppose -25 = d*f - 91. Suppose 0 = 4*t - 4*p - 40, 18 - 3 = 2*t + 3*p. Calculate the remainder when f is divided by t.
6
Let h = 13 - 1. Calculate the remainder when 46 is divided by h.
10
Suppose 0 = -2*l + 3*l - 5. What is the remainder when l is divided by 2?
1
Let b = 20 - 5. Calculate the remainder when 29 is divided by b.
14
Let s = 16 + -8. Suppose s - 20 = -4*p. Calculate the remainder when 5 is divided by p.
2
Let x be (-1)/(((-3)/(-3))/(-1)). Suppose 5*p + 3*v = v + 103, 0 = -3*p - 3*v + 60. Calculate the remainder when p is divided by (22/4*2)/x.
10
Calculate the remainder when -3 + 22 + (0 - -2) is divided by 4.
1
Let v = 5 + -2. Suppose -v*u - 4 = -10. Suppose 5*j - 37 = -3*n, -n - j + 4 = -5. What is the remainder when n is divided by u?
0
Suppose -x - x = -2*a + 12, -34 = -3*a - x. What is the remainder when 17 is divided by a?
7
Let v(i) = i - 15. Let k(o) = -15. Let a(t) = 3*k(t) - 2*v(t). What is the remainder when 26 is divided by a(-11)?
5
Suppose 4*s - g - 13 = 10, 3*s = 4*g + 1. Suppose -3*z = -2*z - s. Calculate the remainder when 13 is divided by z.
6
Suppose -4*c + w + 52 = -3*w, -w + 19 = c. Let a = 0 - 0. Suppose -i + 30 = -a*i. What is the remainder when i is divided by c?
14
Suppose 3*r - 42 - 15 = -3*y, 0 = 2*r. What is the remainder when y is divided by 5?
4
Suppose 0*g - 4 = 3*g + 5*q, 2*g - 5*q = 39. Suppose 0 = 5*b + 31 - 156. Calculate the remainder when b is divided by g.
4
Let f(i) = i**2 + 4*i - 1. Let u be f(-5). Suppose u = 2*c - 4. Let q = 34 + -28. What is the remainder when q is divided by c?
2
Let q(d) = -3*d**2 + 2. Let r be q(-4). Let f = r - -78. Calculate the remainder when f is divided by 11.
10
Let u = -37 + 51. What is the remainder when 16 is divided by u?
2
Let b = -3 + 14. Suppose 0 = -5*o - 4*z + 93, -o + 18 = -5*z + 6*z. Calculate the remainder when o is divided by b.
10
Let z = 1 - -26. Calculate the remainder when z is divided by 14.
13
Suppose u = -0*u. Suppose -80 = -4*p - u*p. Suppose 0 = -0*t - t + p. What is the remainder when t is divided by 11?
9
Suppose -2*l + 13 = 4*j - j, -4*j - 67 = -5*l. Calculate the remainder when 19 is divided by l.
8
Calculate the remainder when 280/6 - 8/(-24) is divided by 25.
22
Suppose -2*x + 93 = x. Calculate the remainder when 122 is divided by x.
29
Let i(o) = 5*o**2 + 5*o - 1. Let k(x) = 4*x**2 + 5*x - 1. Let v(h) = 5*i(h) - 6*k(h). Calculate the remainder when v(6) is divided by 3.
1
Suppose -5*u + 4*o + 50 = 0, o - 1 = -4*u + 3*u. Let k = 1 + 2. Let t = 13 + k. Calculate the remainder when t is divided by u.
4
Suppose 38 = 3*m - m. Calculate the remainder when m is divided by (-6)/(-5)*375/45.
9
Let m = -21 + 34. Calculate the remainder when 38 is divided by m.
12
Let x(u) = 2*u**2 